on factor of 33 and c.
11
Let t = 43 - 1. Let n = 281 - 253. What is the highest common factor of t and n?
14
Suppose 0 = 23*j - 26*j + 6*r + 45, -3*j = 4*r + 5. Let b = 0 - -15. What is the highest common factor of j and b?
5
Let d = 546 - 396. What is the greatest common factor of d and 60?
30
Let h(v) = -v**2 - 11*v + 4. Let y be h(-8). Let u = y - 17. Let o = 189 + -134. Calculate the greatest common factor of o and u.
11
Let p be 96/160 + 1 + (-52)/(-5). What is the highest common factor of 138 and p?
6
Let u be 4/(-2) + (-15 - -17). Suppose 0 = 3*o + 3*q - 186, 2*q + u + 8 = 0. Calculate the greatest common divisor of o and 99.
33
Suppose -282*y + 1242 = -279*y. Calculate the greatest common divisor of 18 and y.
18
Let j = -238 + 381. Suppose o + j = 3*v, -v - v - 3*o + 99 = 0. What is the highest common divisor of v and 48?
48
Let y be (-5665)/(-99) + (-4)/18. Let s be y + (2/(-2))/1. Calculate the highest common factor of 14 and s.
14
Let v = 287 + -247. Calculate the highest common factor of 144 and v.
8
Suppose -3*h - 13 = -4*b, 19 = -h - 2*h + b. Let l(m) = 5*m**2 + 14*m - 3. Let k be l(h). Calculate the highest common divisor of 16 and k.
16
Let y = 10 - -22. Suppose 24*g - 53 = 1099. What is the highest common divisor of g and y?
16
Let o = 311 + -288. Calculate the greatest common divisor of 115 and o.
23
Suppose 6*o = 11*o + 5*v - 185, 0 = -5*o + v + 203. What is the highest common factor of o and 360?
40
Let b be -4 + 49 + -4 + -6. What is the highest common factor of 91 and b?
7
Suppose -11*w - 28 = -12*w. What is the greatest common factor of 12 and w?
4
Suppose -27 = 7*c - 4*c. Let g be -15*39/c*1. Suppose -z + 28 = 2. Calculate the highest common divisor of g and z.
13
Suppose 4*c + 47 = 55. Let u(a) = 2*a**2 - a + 2. Let x be u(-6). Suppose -c*h = -20 - x. Calculate the greatest common factor of 25 and h.
25
Suppose -4*s + 259 = g, 0 = -6*g + 9*g - 2*s - 833. What is the highest common factor of g and 100?
25
Suppose -2*w - 5*x = -51, x - 2*x = 4*w - 93. Suppose 61*f - 9200 = -19*f. Calculate the greatest common divisor of f and w.
23
Let f(c) = c**2 + c. Let a(o) = o**2 - 6*o. Let y(j) = a(j) + 6*f(j). Let b be y(-1). Calculate the highest common factor of 35 and b.
7
Suppose -b + 260 = -4. Suppose 0 = -m - 5*j + 23 + 5, 0 = -3*m - 2*j + 97. What is the greatest common divisor of m and b?
33
Let u be (-10)/(100/(-310)) + (-2 - 2). Calculate the greatest common divisor of 45 and u.
9
Let y = 78 - 39. Let p be (39/4)/(30/160). Calculate the greatest common divisor of p and y.
13
Suppose t - p - 73 = 0, -t = 3*p - 2*p - 73. Let j = -9 + -40. Let g = t + j. Calculate the greatest common divisor of g and 60.
12
Suppose -2*n + 20 = -2*i, n + 4*i + 1 = 21. Let t(v) = v**3 + 6*v**2 - 7*v - 6. Let x be t(-7). Let s = 14 + x. What is the greatest common divisor of s and n?
4
Suppose 0 = 5*x - 260 - 50. Let f = 122 - x. Let z = -25 + f. Calculate the highest common factor of 7 and z.
7
Let g be 6/(-11) - (-338198)/187. Calculate the highest common divisor of g and 16.
16
Suppose 2*t - 30 = -2. Suppose 0 = 204*c - 222*c + 2016. What is the greatest common factor of c and t?
14
Suppose 521*i = 532*i - 66. Calculate the highest common divisor of i and 72.
6
Let p(i) = -i**2 + 11*i - 10. Let o be p(4). What is the highest common divisor of 2466 and o?
18
Let b = 219 - 145. Let h be (-1)/(2/3)*b/(-111). Calculate the greatest common factor of h and 1.
1
Let z = -38 - -41. Let u be (z + -4 - -7) + 1. Suppose 2*p = 7*p - 385. Calculate the greatest common factor of u and p.
7
Let w(d) = d**3 + 61*d**2 + 59*d - 28. Let z be w(-60). Calculate the highest common divisor of z and 656.
16
Let f = -11 - -21. Let u(s) = -19*s - 4. Let p be u(-3). Let z be ((-4 - -1) + p)*1. What is the greatest common factor of f and z?
10
Suppose 3*d + 5*i = 3866, 5*d + 4*i - 6439 = -0*i. What is the highest common divisor of d and 234?
117
Let f(p) = 17*p - 17. Let q be f(2). Calculate the highest common divisor of q and 51.
17
Suppose -3*h + 32 = -w + 1, 2*h - 5*w + 1 = 0. Let o be (15/10)/(h/104). Calculate the greatest common factor of o and 65.
13
Suppose 39 - 68 = -h. Let j = h + 31. Calculate the highest common divisor of 20 and j.
20
Suppose 4*v + 151 = -3*j, 4*j = -2*v - 187 - 1. Let b = 79 + j. Suppose 0*q = -2*q + 34. Calculate the highest common divisor of q and b.
17
Let p = -285 - -296. What is the greatest common factor of 22 and p?
11
Let y be 1 - (-3 - 12 - 2). Let w(z) = -29*z + 24. Let s = 35 + -41. Let u be w(s). Calculate the greatest common divisor of u and y.
18
Let s(b) = -6*b - b**3 - 7*b + 19*b**2 + 4*b + 17 - 9*b. Let y be s(18). Let g = y - 8. Calculate the greatest common factor of g and 9.
9
Let i(p) = 5*p**2 - 11*p - 7. Let c be i(6). Let b = 54 + c. Calculate the greatest common factor of 23 and b.
23
Let s = -53 - -54. Let o be 2 + 35 + (s - 3) - 3. What is the greatest common factor of 4 and o?
4
Suppose 0 = -13*z + 16699 - 4297. What is the highest common divisor of z and 18?
18
Suppose 0 = -16*d + 11*d + 4*g + 361, -215 = -3*d + 4*g. What is the greatest common factor of 365 and d?
73
Suppose -22*v + 1278 = 486. Let n = 19 - 40. Let b = v + n. Calculate the greatest common factor of 45 and b.
15
Let d = -2881 - -2914. What is the greatest common divisor of 3 and d?
3
Let p be 3/9 - 134/(-3). Let k = -151 - -112. Let g = p + k. What is the highest common factor of g and 6?
6
Suppose 267 = 5*n - 3*x, -n - 2*x = -6*n + 268. Let v(y) = y**2 - 5*y + 12. Let s be v(8). What is the greatest common divisor of n and s?
18
Suppose -5 = 3*z - 8*z. Suppose r = 2*r - 4. What is the greatest common divisor of r and z?
1
Suppose 6*f - 9133 = -33403. Let t be 8/(-14) + f/(-35). What is the highest common factor of 46 and t?
23
Let j = 52 - 10. Let x = 750 + -687. Calculate the greatest common divisor of j and x.
21
Suppose -7*g = 12*g - 437. Let l = g + -10. Calculate the greatest common divisor of 221 and l.
13
Let j be (-2)/9 + 2384/36. Let b = 115 - j. Calculate the highest common divisor of 7 and b.
7
Let p(x) = x**3 + 3*x**2 - 6*x - 3. Let v be p(-4). Let n be (v/2)/((-3)/(-12)). Suppose -2750 = -44*k + 19*k. What is the greatest common divisor of n and k?
10
Let a be -1*(-15)/10*(5 - -1). What is the greatest common divisor of a and 9?
9
Let i = -245 + 310. Calculate the highest common factor of i and 5.
5
Let h be 0/(-2) - (-5)/(-2)*-4. Suppose -p = -n + 86, -p + 97 = 5*n - 357. Calculate the highest common divisor of n and h.
10
Let m(k) = -4*k - 1. Let o be m(-3). Let l = 66 + -61. Suppose -3*v + 4*v + l*t = 38, 0 = -5*v - 2*t + 167. What is the highest common divisor of v and o?
11
Suppose -6*t = 2 - 32. Calculate the greatest common divisor of t and 35.
5
Suppose w + 75 - 105 = 0. Let z(i) = 29*i + 8. Let n be z(8). Suppose n = -x + 3*x. Calculate the highest common factor of w and x.
30
Let m be -2*((-6)/12 - 2). Suppose 2*g - m*o - 43 = 0, 5*o - 2 = -g - 18. Let j = -1 - -10. Calculate the highest common factor of g and j.
9
Let z be 129/27 + 2/9. Let k = 12 - z. Let n be 1/2 - 111/(-2). What is the greatest common divisor of n and k?
7
Let i be (8/12)/(2/72). What is the highest common divisor of i and 64?
8
Let d be 20/((-4 - -2) + 4). Let n = d - 4. What is the greatest common divisor of 6 and n?
6
Let r = -5 + 11. Suppose 15 = o - 4*p, 5*p + 9 = -o - 3. Let x be (-21)/(-5) - (o - (-42)/(-15)). Calculate the greatest common divisor of x and r.
2
Suppose 2*n - 5*n + 4*w - 400 = 0, -w - 274 = 2*n. Let p = n + 264. Calculate the greatest common factor of p and 16.
16
Suppose 5*v - 8*v = -4*r + 17, 0 = 4*r - 20. What is the greatest common divisor of v and 71?
1
Let f(a) = a**2 + 11*a + 61. Let q be f(-4). What is the highest common factor of q and 869?
11
Let j(t) = t**3 + 9*t**2 + 5*t + 2. Let k be -4 - 0/((-8)/2). Let l be j(k). What is the greatest common divisor of l and 31?
31
Let b = -80 + 112. Let w(d) = b*d**3 - d**2 - 2*d**2 + d**2 - 2*d + 7 - 31*d**3. Let y be w(3). What is the highest common factor of 20 and y?
10
Let a be (-24 - -20)/(3/(-36)). Calculate the greatest common factor of 108 and a.
12
Suppose r + 2 = 2*r, 2*m - 90 = -5*r. Let j be (-408)/85*m/(-6). Calculate the greatest common factor of 8 and j.
8
S